 3*a - b*n - 86 - 36, a + n - 29 = 0. Let v = -19 + a. What is the units digit of v?
5
Suppose -3*f = f + 24. Suppose 5*j = -2*b - 2*b + 34, 0 = -3*b - 2*j + 29. Let o = b - f. What is the units digit of o?
7
What is the tens digit of (38/76)/(1 + (-651)/652)?
2
Suppose 0 = 3*q + 2 - 5. What is the units digit of q?
1
Suppose 72 + 12 = -2*z. What is the tens digit of z*-1*(-4)/(-8)?
2
Suppose -2*o - 2*f = -24, -3*f = -0*o - 2*o + 4. Let x(g) = 6*g - 3. Let b be x(2). What is the units digit of b/3 + (o - -1)?
2
Suppose -5*l + 2*l + y = -10, 0 = -3*l + 2*y + 14. Suppose 2*k - l + 6 = 0. What is the units digit of (1/((-2)/8))/k?
2
Let j(d) = -d + 1. Let a = 1 - -4. Let z be j(a). What is the units digit of (-28)/z - (2 - 2)?
7
Let y = -1 + 7. Let q be ((-3)/9 - -1)*y. Suppose -q*a - 12 = 0, 0*z - 4*a = 4*z. What is the units digit of z?
3
Let y(o) = o**2 - 5*o + 9. Suppose z - 3*z = -12. Let b be y(z). Let a = -8 + b. What is the units digit of a?
7
Let q be 5/((-5)/2) - 1. Let z = -2 - q. What is the units digit of z?
1
Suppose 5*p - 2*d - 220 = 140, 0 = -2*d + 10. What is the units digit of p?
4
Let j(q) = -6*q**3 + q + 1. Let r be j(-1). Suppose -r*i = -2*i - 40. Suppose i + 0 = 2*y. What is the units digit of y?
5
Let z(u) = -u**2 + 17*u - 2. What is the tens digit of z(9)?
7
Suppose 18*p - 15*p = 126. What is the units digit of p?
2
Suppose 0*m - v = 2*m - 137, 0 = -3*m + v + 193. What is the tens digit of m?
6
Suppose -4*p + 15 + 37 = 4*z, 25 = 5*p - 5*z. Let f = p + -4. What is the units digit of f?
5
Let a(m) = m**2 + 7*m + 7. Let w(q) = -q - 3. Let i be w(3). Let b be a(i). Let f = b + 2. What is the units digit of f?
3
Let s be 156/(-8)*-14 + 2. Suppose 5*k + 75 - s = 0. What is the tens digit of k?
4
Let y(p) = -3*p - 12. What is the tens digit of y(-26)?
6
Let h = -41 + 59. What is the tens digit of h?
1
Suppose 0 = 2*s + 4, 5*m - s - 24 = 3. Suppose -v - 2*v - 11 = 4*p, -5*v - 4*p - m = 0. Suppose 0 = -3*b + 12, 0 - 4 = v*y - 4*b. What is the units digit of y?
4
Suppose -2*x + 416 = -224. What is the hundreds digit of x?
3
Let i(s) = 73*s - 3. What is the tens digit of i(1)?
7
Let g(f) = -4*f**2 + 9*f - 8. Let r be g(5). Let i = r + 89. What is the units digit of i?
6
Let f = -22 + 77. What is the tens digit of f?
5
Let a(k) = 30*k**2 + 1. Let f be a(-1). Suppose 3*x + 3 = -2*v - 0, v = 5*x + f. What is the units digit of v?
6
Let k(x) = 6*x + 7. What is the units digit of k(9)?
1
Suppose -1 = -3*g + 23. What is the units digit of g?
8
Suppose 3 = -3*y + s, -4*s + 12 = y - 0*y. Let x = 9 - y. What is the units digit of x?
9
Suppose 4*n - z - 93 = 141, -z + 238 = 4*n. What is the tens digit of n?
5
Suppose -5*r + 87 = -2*r. What is the tens digit of r?
2
What is the units digit of (-60)/(-4) - (1 + -3)?
7
Let f be (-42)/9 + (-1)/3. What is the units digit of ((-16)/(-10))/((-1)/f)?
8
Let p = 2 + -2. Suppose p = o + 2*o - 42. What is the tens digit of o?
1
Let f = 165 + -91. What is the units digit of f?
4
Suppose m + 2*b = -m, -5*m = -4*b. Suppose 5 = 5*a, m*r + 93 = 4*r + a. What is the units digit of r?
3
Let k(s) = 3*s - 3. Let y(j) = j - 5. Let o be y(8). Let u be k(o). What is the units digit of u*(-1)/((-2)/2)?
6
Suppose -2*s + 0*w + 18 = -2*w, 0 = 3*s + 4*w + 1. What is the units digit of s?
5
Let k be 6/((-21)/27 - -1). Suppose -4*z = -49 - k. Suppose 0*y + 2*u = 2*y + 2, -5*y + z = u. What is the units digit of y?
3
Suppose 3*t = -5*y + 770, -4*t - 593 + 131 = -3*y. What is the hundreds digit of y?
1
Let o(l) = 6*l**2 + 2*l + 2. What is the units digit of o(-1)?
6
Let n be (0*3/(-9))/2. Suppose n = 7*i - 2*i - 75. What is the units digit of i?
5
Let p(c) = 3*c**2 + 4 + 1 - 6*c**2 + 4*c**2. What is the units digit of p(0)?
5
Suppose -5*u + 3*n = -121 - 129, -4*u + 2*n = -200. What is the tens digit of u?
5
Let x = 18 - 13. Suppose x*f - 195 = -0*f. Suppose -3*b = 3*a - f, 28 = -a + 2*a + 4*b. What is the units digit of a?
8
Suppose -t + 1207 = 2*t - 2*f, 4*t - f = 1601. What is the tens digit of t?
9
Let k be 3/9*(-18)/(-2). Suppose y = k*y - 3*f - 8, 5*f + 9 = -y. Suppose -q + 4*i + y = 2*q, -5 = -i. What is the units digit of q?
7
Let z(n) = -4*n**3 - 4*n**2 - 2*n + 2. Let f = -15 + 22. Let i be f/(-28) - 7/4. What is the tens digit of z(i)?
2
Let r(b) = b**2 + 5*b + 6. Let k be r(-4). Suppose 2*v + 2 = -k*t, 2*v - 2*t = -0*v + 6. What is the units digit of v?
1
Suppose -2*y + 12 - 6 = 0. Suppose 3*k - 15 = k + t, 10 = 3*k + t. Suppose k*f + y*p + 4 = 0, 0 = 2*f - 0*f - p - 5. What is the units digit of f?
1
Let h(f) = -11*f - 1. Let l be h(5). What is the units digit of (33/(-22))/(3/l)?
8
Let d be (-2)/6 - (-10)/3. Suppose 2*j - 3 = -d*v, -3*v - 4*j - 9 = -2*v. What is the units digit of v?
3
Let z(p) = 7*p - 1. Let f be z(1). Suppose 20 = f*c - 5*c. What is the tens digit of c?
2
Suppose 42 = n + 4*i, i - 1 = 2*n - 49. What is the tens digit of n?
2
Let o(n) = -n**3 - 3*n**2 - 2*n - 3. Let x be o(-3). Let v(y) = 4 + 0*y - 4*y + 5*y. What is the units digit of v(x)?
7
Let a = 248 - 100. What is the units digit of a?
8
Suppose -5*g + 3*s + 69 + 896 = 0, 0 = -2*g + 3*s + 386. What is the units digit of g?
3
Let g = -58 - -13. What is the units digit of (g/2)/(36/(-48))?
0
What is the hundreds digit of (-5)/20 + 2 + 3316/16?
2
Let k = 8 + -14. Suppose 0*g - 3*g + 30 = 0. Let t = g + k. What is the units digit of t?
4
Let n(i) = i**2 - 3*i - 6. Let d be n(5). Suppose 4*y = 3*k + 184, 3*y = -d*k + 140 + 23. What is the units digit of y?
9
Let q be (4/6)/((-20)/(-150)). Suppose -29 - 55 = -3*k - q*z, -5*k + z = -168. What is the units digit of k?
3
Suppose b + 56 = 3*h, 0*h - 4*b + 76 = 3*h. Let m = h + -14. Suppose 0 = 2*s - m*s + 2*a + 40, -s + 3*a = -20. What is the units digit of s?
8
Let s be (0 - -3 - 1) + -2. Suppose 25 = 2*k - j, k - 3*j - 15 = -s*j. What is the units digit of k?
2
Let p be 24*1 - (9 - 7). Suppose -b - 3 = -3*r + 56, 2*r - p = 5*b. What is the tens digit of r?
2
Suppose -3*r = q + r - 28, -4*q + 47 = 3*r. Suppose p - q + 5 = 0. What is the units digit of p?
3
Let h be (-55)/(-3) + (-7)/21. Let i = 35 - h. What is the tens digit of i?
1
Suppose 1 = -f + 2. Let d = f + -1. Suppose 0 = k - 1, 3*k - 5 = -c - d*k. What is the units digit of c?
2
Let w(z) = 3*z + 6. Let n(h) = -8*h - 18. Let j(y) = 4*n(y) + 11*w(y). Let i be j(9). Suppose 4*v - 1 = i*v. What is the units digit of v?
1
What is the units digit of (-51)/15*-5 + (-1 - -4)?
0
Suppose 3*q + 3 = 15. Suppose 3*j - q*i = 44, 5*j + 34 = i + 79. Let v = j + -5. What is the units digit of v?
3
Let p(d) = -d + 14. What is the tens digit of p(-4)?
1
Suppose -x + 5*t = -2*x + 92, 0 = -2*x + 3*t + 184. Suppose 0 = -3*l + x + 7. What is the tens digit of l?
3
Let u = -13 - -14. What is the units digit of (-12)/((-1)/2 - u)?
8
Suppose -6 = -4*h + 3*s + 14, -3*s - 16 = -2*h. Suppose 0 = -2*o + 2*t + 88, -39 = -0*o - o + h*t. What is the units digit of o?
9
Let f = 11 - 6. Suppose f*h - 4*h = 7. What is the units digit of h?
7
Suppose -37 = -5*t + 73. Suppose 2*p + 4*x = 22, -4 = 3*p + x - t. What is the units digit of p?
5
Suppose -80 = -4*m + 64. What is the tens digit of m?
3
Let n(g) be the first derivative of -g**6/360 - g**5/12 - 3*g**4/8 - g**3/3 - 2. Let w(t) be the third derivative of n(t). What is the units digit of w(-8)?
7
Suppose -8 - 13 = -3*d. Let l = d - 11. What is the units digit of 0/l - (-14)/2?
7
Suppose 0 = y + 2*s - 7, 5*s = -4*y - y + 20. Let j = y + 0. What is the units digit of j?
1
Let v(h) = -4*h + 2. Let f be v(-3). Let j be ((-1)/(-3))/((-1)/3). What is the units digit of j + (f*1 - 2)?
1
Let o be (56/(-6))/(7/(-21)). What is the units digit of 188/o - 4/(-14)?
7
Let m = -14 + 32. Suppose -32 = -3*o + 2*h, -3*o + o + 2*h + m = 0. What is the tens digit of o?
1
Let g(q) = -4*q**2 - 2*q + 7. Let l(f) = -8*f**2 - 4*f + 15. Let u(v) = -13*g(v) + 6*l(v). What is the tens digit of u(2)?
1
Let n(y) be the third derivative of 37*y**6/120 - y**5/60 + y**4/12 - y**3/6 - 3*y**2. What is the tens digit of n(1)?
3
Let q be 2/(-8) + (-543)/(-12). Suppose -5*w + 10 = -q. What is the tens digit of w?
1
Suppose 8*t = 3*t + w + 70, 3*t + 5*w - 42 = 0. Let c = t - 7. Let g = 15 - c. What is the units digit of g?
8
Suppose -5*s + 4*y + 53 = 4, -5